is divided by 904.
308
Calculate the remainder when 17103 is divided by 171.
3
What is the remainder when 277342 is divided by 214?
212
Calculate the remainder when 337175 is divided by 14.
13
What is the remainder when 49931 is divided by 342?
341
What is the remainder when 7427 is divided by 72?
11
What is the remainder when 1233 is divided by 45?
18
Calculate the remainder when 13664 is divided by 263.
251
What is the remainder when 91014 is divided by 8264?
110
What is the remainder when 165983 is divided by 116?
103
What is the remainder when 17574 is divided by 17525?
49
What is the remainder when 1363 is divided by 103?
24
Calculate the remainder when 29707 is divided by 14818.
71
What is the remainder when 17124 is divided by 1729?
1563
What is the remainder when 26219 is divided by 22?
17
What is the remainder when 565 is divided by 100?
65
Calculate the remainder when 797 is divided by 15.
2
Calculate the remainder when 1668919 is divided by 20.
19
Calculate the remainder when 1678 is divided by 334.
8
What is the remainder when 2295 is divided by 495?
315
Calculate the remainder when 1170 is divided by 728.
442
Calculate the remainder when 4267 is divided by 56.
11
Calculate the remainder when 472 is divided by 65.
17
What is the remainder when 18468 is divided by 32?
4
What is the remainder when 1570405 is divided by 232?
229
What is the remainder when 10768 is divided by 1769?
154
Calculate the remainder when 43270 is divided by 1311.
7
What is the remainder when 31910 is divided by 1137?
74
Calculate the remainder when 1613 is divided by 22.
7
Calculate the remainder when 215037 is divided by 173.
171
Calculate the remainder when 2114 is divided by 650.
164
What is the remainder when 205675 is divided by 857?
852
Calculate the remainder when 11029 is divided by 3636.
121
Calculate the remainder when 50050 is divided by 194.
192
Calculate the remainder when 69541 is divided by 10.
1
What is the remainder when 64974 is divided by 342?
336
Calculate the remainder when 1556 is divided by 70.
16
What is the remainder when 249636 is divided by 942?
6
Calculate the remainder when 48845 is divided by 48832.
13
What is the remainder when 1221087 is divided by 39?
36
Calculate the remainder when 38084 is divided by 42.
32
What is the remainder when 15155 is divided by 63?
35
Calculate the remainder when 9577 is divided by 1063.
10
What is the remainder when 92906 is divided by 29?
19
Calculate the remainder when 23809 is divided by 11.
5
What is the remainder when 42824 is divided by 19?
17
Calculate the remainder when 9496 is divided by 33.
25
What is the remainder when 4747 is divided by 89?
30
What is the remainder when 854095 is divided by 14?
11
What is the remainder when 65702 is divided by 233?
229
Calculate the remainder when 9881 is divided by 75.
56
Calculate the remainder when 6421 is divided by 6419.
2
What is the remainder when 6771941 is divided by 38?
37
What is the remainder when 109762 is divided by 71?
67
Calculate the remainder when 4820 is divided by 1049.
624
Calculate the remainder when 172378 is divided by 340.
338
What is the remainder when 8447 is divided by 1053?
23
Calculate the remainder when 150800 is divided by 743.
714
What is the remainder when 270045 is divided by 12?
9
What is the remainder when 13495 is divided by 512?
183
What is the remainder when 26310 is divided by 937?
74
Calculate the remainder when 825998 is divided by 275331.
5
Calculate the remainder when 17241 is divided by 17201.
40
Calculate the remainder when 713 is divided by 36.
29
What is the remainder when 223 is divided by 113?
110
Calculate the remainder when 11255 is divided by 301.
118
What is the remainder when 4026191 is divided by 37?
36
Calculate the remainder when 4095 is divided by 683.
680
Calculate the remainder when 6505 is divided by 70.
65
What is the remainder when 2721 is divided by 8?
1
What is the remainder when 30686 is divided by 15?
11
What is the remainder when 2365 is divided by 62?
9
Calculate the remainder when 1301350 is divided by 33.
28
Calculate the remainder when 1293 is divided by 813.
480
Calculate the remainder when 9927 is divided by 3246.
189
Calculate the remainder when 5310 is divided by 127.
103
Calculate the remainder when 5804 is divided by 522.
62
Calculate the remainder when 1979 is divided by 964.
51
Calculate the remainder when 22032 is divided by 7183.
483
What is the remainder when 24360 is divided by 2283?
1530
What is the remainder when 4178 is divided by 11?
9
Calculate the remainder when 22753 is divided by 242.
5
Calculate the remainder when 10264 is divided by 4958.
348
Calculate the remainder when 1800 is divided by 1646.
154
Calculate the remainder when 39150 is divided by 25.
0
Calculate the remainder when 5540 is divided by 5492.
48
Calculate the remainder when 113177 is divided by 164.
17
What is the remainder when 36285 is divided by 3628?
5
Calculate the remainder when 98192 is divided by 283.
274
What is the remainder when 3269 is divided by 3157?
112
Calculate the remainder when 207445 is divided by 41489.
0
Calculate the remainder when 51006 is divided by 10196.
26
What is the remainder when 1664 is divided by 1087?
577
Calculate the remainder when 42212 is divided by 10.
2
Calculate the remainder when 8151 is divided by 35.
31
What is the remainder when 75483 is divided by 165?
78
What is the remainder when 672 is divided by 197?
81
What is the remainder when 950467 is divided by 921?
916
What is the remainder when 1389315 is divided by 38?
35
Calculate the remainder when 4537 is divided by 2262.
13
Calculate the remainder when 288361 is divided by 810.
1
What is the remainder when 69673 is divided by 55?
43
Calculate the remainder when 36344 is divided by 12106.
26
What is the remainder when 21444 is divided by 250?
194
What is the remainder when 7888 is divided by 7829?
59
Calculate the remainder when 102854 is divided by 15.
14
What is the remainder when 263679 is divided by 38?
35
What is the remainder when 419171 is divided by 49?
25
What is the remainder when 177257 is divided by 52?
41
Calculate the remainder when 39710 is divided by 1019.
988
What is the remainder when 12038 is divided by 2977?
130
Calculate the remainder when 9741 is divided by 1079.
30
Calculate the remainder when 52621 is divided by 208.
205
What is the remainder when 1625584 is divided by 406396?
0
Calculate the remainder when 3999 is divided by 183.
156
Calculate the remainder when 2856 is divided by 22.
18
Calculate the remainder when 136 is divided by 18.
10
What is the remainder when 21655 is divided by 802?
1
What is the remainder when 31888 is divided by 119?
115
What is the remainder when 161025 is divided by 40256?
1
Calculate the remainder when 335 is divided by 46.
13
Calculate the remainder when 4126 is divided by 85.
46
Calculate the remainder when 6947 is divided by 61.
54
What is the remainder when 2359 is divided by 585?
19
Calculate the remainder when 19028 is divided by 9496.
36
What is the remainder when 45691 is divided by 2284?
11
Calculate the remainder when 81366 is divided by 40679.
8
What is the remainder when 1680 is divided by 660?
360
What is the remainder when 14072 is divided by 802?
438
Calculate the remainder when 4279 is divided by 3602.
677
Calculate the remainder when 2838 is divided by 89.
79
What is the remainder when 67246 is divided by 72?
70
Calculate the remainder when 11772 is divided by 151.
145
Calculate the remainder when 2010 is divided by 61.
58
What is the remainder when 216223 is divided by 121?
117
What is the remainder when 27873 is divided by 180?
153
What is the remainder when 23613 is divided by 84?
9
Calculate the remainder when 7070 is divided by 160.
30
What is the remainder when 47694 is divided by 47694?
0
Calculate the remainder when 865 is divided by 839.
26
What is the remainder when 2313 is divided by 334?
309
What is the remainder when 14174 is divided by 4545?
539
What is the remainder when 24332 is divided by 3151?
2275
Calculate the remainder when 387445 is divided by 1845.
1840
Calculate the remainder when 8080 is divided by 165.
160
What is the remainder when 5079 is divided by 217?
88
What is the remainder when 3213 is divid